st the prime factors of s.
2, 3, 193
Suppose 718*w + 701 = 719*w. List the prime factors of w.
701
Suppose -7*t - 107 = -23. List the prime factors of t/10*(-550)/4.
3, 5, 11
Suppose -2*w - 5 + 2 = -5*s, 3*s + 2*w + 11 = 0. Let f(q) = -221*q + 6. List the prime factors of f(s).
227
Let d(h) = -2*h - 7. Suppose n + 0*w = w - 4, 3*w + 23 = -4*n. Let g be d(n). Suppose -g*l + 57 = -0*l. What are the prime factors of l?
19
Let c(z) = -8 + 4 - 44 + 5*z. List the prime factors of c(10).
2
Let m = 16163 + -11264. What are the prime factors of m?
3, 23, 71
Suppose -6*n + 253 - 55 = 0. Let j = 108 - n. What are the prime factors of j?
3, 5
Suppose 3*m - 9 = 0, 4*m + 792 = w + m. What are the prime factors of w?
3, 89
Let g be 16/56 + (-46)/14. What are the prime factors of -2*(-4 - (-5 - g))?
2
Suppose 194*j - 618 = 192*j. What are the prime factors of j?
3, 103
Suppose 3*y - 6 = 0, 9 = -q + 4*y - 1. Let k be q/(-12)*-2*6. List the prime factors of ((-220)/15)/(k/3).
2, 11
List the prime factors of ((-8)/(-2) + 0 + -7)*-141.
3, 47
List the prime factors of (-1741439)/(-772) - 6/8.
5, 11, 41
Suppose h + 5 = 7. Let a be ((-20)/(-4))/(h/(-6)). List the prime factors of ((-5)/a)/((-1)/(-60)).
2, 5
Suppose -4*s = 2*z + 42, -s - 2*z - z - 23 = 0. Let f(r) = -r - 3. Let p be f(s). Suppose -5*g - 13 = 3*h - 131, -p*h + 234 = -g. List the prime factors of h.
2, 23
Let z = 2922 + -1728. What are the prime factors of z?
2, 3, 199
Suppose -2*r - m - 4*m + 95 = 0, -61 = -r + 2*m. Suppose -3*o + 59 = -r. What are the prime factors of o?
2, 19
Let s = -67 - -138. Suppose 5*f + s = -2*h + 314, -263 = -2*h - f. List the prime factors of h.
2, 67
Let d be -8 + 1 + 15/(-5). Let q be ((-36)/(-15))/(3/d). What are the prime factors of (-16)/q*71/2?
71
Let n(h) = -15*h**2 - 10*h**2 + 3*h**2 - h**3 + 20. List the prime factors of n(-22).
2, 5
Suppose -350 = -5*b + 425. Let c = b - 83. Suppose 7*h - c = 3*h. List the prime factors of h.
2, 3
Suppose 0 = 9*p + 12*p - 9807. What are the prime factors of p?
467
Let c = -328 + 498. Let m be ((-6)/9)/(4/(-30)). Suppose c = m*i + 15. List the prime factors of i.
31
Suppose -4*z + 46 + 362 = 0. List the prime factors of z.
2, 3, 17
Suppose 39*b - 44*b + 4330 = -2*c, 2*c - 878 = -b. List the prime factors of b.
2, 7, 31
What are the prime factors of (77 - (-4 - -4)) + 2?
79
Let r(s) = 13*s**2 - 7*s - 5. Let q be r(-2). Let n = q + -25. What are the prime factors of n?
2, 3
Suppose -2*z + 3*z = 0. Let n = z - 1. List the prime factors of (-273)/(-7) + (-1)/n.
2, 5
Let o(p) = 58*p**2 + 62*p + 334. List the prime factors of o(-5).
2, 11, 67
Let r(a) = a**2 + 3*a + 1. Let i be r(-4). Suppose 0 = 4*m - 35 - 9. Let c = m - i. What are the prime factors of c?
2, 3
Let b = -185 + -308. Let m = b + 699. What are the prime factors of m?
2, 103
Suppose -148 - 408 = -2*q. List the prime factors of q.
2, 139
Let a(j) = 2*j + 178. Let z be a(0). Let q = 254 - z. What are the prime factors of q?
2, 19
Let f = -126 + 548. What are the prime factors of f?
2, 211
Suppose 28*i - 7637 - 9555 = 0. What are the prime factors of i?
2, 307
Let r be (-3 - 3/3) + 3. Let w be 2 + 1/(r/(-29)). Let v = 29 + w. List the prime factors of v.
2, 3, 5
Let x be 2 + (5 - 2)/(4/(-8)). What are the prime factors of (-154)/2*(3 + x)?
7, 11
Let w(d) = -40*d + 165. List the prime factors of w(-7).
5, 89
Suppose y + 5*s = 0, 12 = 2*y - 3*s + s. Suppose 0 = 5*a + c - 800, -3*a - y*c + 320 = -a. List the prime factors of a.
2, 5
Let d be (2/(-4))/((-9)/(-198)). Let g = -8 - d. Suppose -2 = -g*z + 10. List the prime factors of z.
2
Let s(z) = -7*z - 29. Let l be -11 + (-2 - (0 - -2)). What are the prime factors of s(l)?
2, 19
Let z be (-18)/81 + 128/9. Suppose 0 = 10*r - z*r + 72. What are the prime factors of r?
2, 3
Let p be -2*(-3 - 0 - -13). List the prime factors of (-3)/(-6) + (-3030)/p.
2, 19
Suppose 3*o + 9*j - 363 = 12*j, 0 = -o - j + 121. Suppose -4*m - 4*c + 5*c = -o, 115 = 4*m + 5*c. What are the prime factors of m?
2, 3, 5
Let m(g) be the third derivative of -13*g**4/4 + g**3/2 + 5*g**2 - 4*g. List the prime factors of m(-3).
3, 79
Suppose 4*y - 3327 = -b + 157, -3*b = -y - 10387. List the prime factors of b.
2, 433
Let a = 403 - 122. List the prime factors of a.
281
Suppose -2*n + 230 + 196 = 0. Suppose h - n = -2*h. List the prime factors of h.
71
Suppose -39156 - 39572 = -52*k. What are the prime factors of k?
2, 757
Let l be (-3 + 4)*(-15)/5. List the prime factors of l*(1040/15)/(-4).
2, 13
Suppose -5*u = 3*w - 563, 5*u - 4*w = 349 + 207. List the prime factors of u.
2, 7
Let u(l) = 3*l + 3. Let h be (-2 - 0/1)/1. Let t be u(h). Let d(v) = 2*v**2 + 5*v + 6. List the prime factors of d(t).
3
Let n be 407 + 5/((-5)/(-3)). Suppose 3*z + 2*z = n. List the prime factors of z.
2, 41
Suppose 22*u - 18*u = 84. What are the prime factors of u?
3, 7
Suppose -2*l + 10 = -2*m - 0*m, 2*l - 3*m = 12. What are the prime factors of 90/(-4)*(-4)/l?
2, 3, 5
Let t = 2972 + -380. Suppose 24*n - t = 6*n. What are the prime factors of n?
2, 3
Let m(o) = 3*o**2 + 4*o - 17. Let a be m(7). Suppose -3*v = -d + 2*v + 70, 3*d = 2*v + a. List the prime factors of d.
2, 5
Let v = -16 - -23. Suppose -71 = -3*r + b, -v*b + 2*b = -20. Suppose 4 - 1 = n, 2*h + 3*n - r = 0. List the prime factors of h.
2
Let u = 2521 + -1034. List the prime factors of u.
1487
Let h be 5 - (-3 + 2 + 2). List the prime factors of (h - (-282)/(-15))*-5.
2, 37
Suppose -965 = -4*g + f, -12 = 4*f - 8*f. What are the prime factors of g?
2, 11
Let z(t) = -165*t - 404. List the prime factors of z(-5).
421
Suppose 0 = -y + 2*y - 5. Suppose 2*b - 204 - 72 = 4*v, -5*b = v - 701. Suppose i - b = -y*l + 4, 53 = 2*l + 5*i. What are the prime factors of l?
29
Let h be (8/(-20))/(2/(-20)). Suppose 5*c - 22 = -h*a - 5, 0 = -a - c + 4. Suppose 4*v = -5*s + 224, a*v + 0*v + 3*s - 168 = 0. List the prime factors of v.
2, 7
Let q = -51 - -1035. What are the prime factors of q?
2, 3, 41
Suppose 2*v - v = 4*l - 9, 5*v = -4*l + 27. Suppose 4*i - 20 = 0, t - l = -2*i + 7. What are the prime factors of (t - 3)*(-10)/2?
3, 5
Let d = -39 + 42. Let s = 4 - -13. Suppose s = p + t, -d*p = -2*t - 30 - 36. What are the prime factors of p?
2, 5
Suppose 4*x + 2*j - 26 = 0, -6*x + 3*x + 30 = -2*j. Let o = x - -37. Let h = 85 - o. List the prime factors of h.
2, 5
Let l = 437 - 371. What are the prime factors of l?
2, 3, 11
Suppose 6 = 10*y - 4*y. Suppose 2 = o + y, 213 = 2*k - 5*o. What are the prime factors of k?
109
Let d be (-247)/(-26) + 1/(-2). Let n(k) = -k**2 + 11*k. What are the prime factors of n(d)?
2, 3
Let n = -3 - -5. Let x(h) = -h**2 - 2 - 2 + h**3 - h**3 - n*h + h**3. List the prime factors of x(3).
2
Let j be 1/(4 - (-110)/(-28)). Suppose 0*u + j = u. What are the prime factors of u?
2, 7
Suppose 4*o + 28 + 56 = 0. Let y be (280/(-48)*3)/(1/2). List the prime factors of (-1915)/y + (-6)/o.
5, 11
Suppose -2732 = 5*c + 328. Let u = -342 - c. What are the prime factors of u?
2, 3, 5
Suppose 0 = 6*s - 2*s - 8. Suppose 0 = -3*o + 4*o - s. Suppose -3*j = -3, 4*t - 114 - 16 = -o*j. List the prime factors of t.
2
Suppose 3*m + 13 = 4*v, 5*v - 8 = 5*m - 4*m. Let u = m + 4. List the prime factors of (-1 - u) + (22 - -1).
3, 7
Let x(v) = -256*v - 48. What are the prime factors of x(-7)?
2, 109
Let y(v) = -20*v**3 - 4*v**2 + 7*v + 4. Let i(w) = -w**3 + w. Let z(l) = 5*i(l) - y(l). List the prime factors of z(2).
2
Suppose -2*d - 190 = 2*v, 2*v + 477 = -5*d - 2*v. What are the prime factors of (d/4)/((10 + -4)/(-24))?
97
Let r(x) = x - 11. Let b be 3/(3/(-7))*-1. Let m be r(b). List the prime factors of ((-2)/3)/(m/66).
11
Let y(d) = 3*d**2 - 7*d - 6. Let g(p) = p**2 - 1. Let v(b) = 4*g(b) - y(b). Let u be v(-7). List the prime factors of -1 + (24 - u - -3).
2, 3
Let z(u) = -6 + 2*u**2 + 5*u + 2*u**2 - 4*u**2 + 5*u**2 - u**3. Let p be z(5). Let h = 6 + p. What are the prime factors of h?
5
Suppose 68*m - 156827 = 148629. What are the prime factors of m?
2, 1123
Let y(i) = i**2 + 12*i + 7. Let g be y(-14). Let b = -15 + g. What are the prime factors of b?
2, 5
Let m(y) = y + 133. List the prime factors of m(22).
5, 31
Let r = -7 - -3. Let d(f) = -f**3 - 5*f**2 - 5*f + 1. Let y be d(r). List the prime factors of 154/(-35)*y/(-2).
11
Suppose 